{"id":523,"date":"2010-08-26T23:20:33","date_gmt":"2010-08-26T21:20:33","guid":{"rendered":"https:\/\/francois-bousch.net\/compositeur\/discographie\/"},"modified":"2021-12-01T14:59:17","modified_gmt":"2021-12-01T13:59:17","slug":"discographie","status":"publish","type":"page","link":"https:\/\/francois-bousch.net\/compositeur\/discographie\/","title":{"rendered":"Discographie"},"content":{"rendered":"\n<p><strong>SALABERT Trajectoires SCD 9004<\/strong>, collection <strong>Musique Fran\u00e7aise d&rsquo;Aujourd&rsquo;hui<\/strong> 1992&nbsp;:<br><em>Pluie-lumi\u00e8re, Fissions d&rsquo;\u00e9chos, Spirales insolites, Espace-Temps, Au-del\u00e0 du r\u00eave, Site et sable.<\/em><\/p>\n\n\n\n<div class=\"wp-block-image\"><figure class=\"alignleft\"><a href=\"https:\/\/francois-bousch.net\/compositeur\/wp-content\/uploads\/Chant-d-espaces-bousch-CD.jpg\"><img fetchpriority=\"high\" decoding=\"async\" width=\"300\" height=\"270\" src=\"https:\/\/francois-bousch.net\/compositeur\/wp-content\/uploads\/Chant-d-espaces-bousch-CD-300x270.jpg\" alt=\"Chant d'espaces - Fran\u00e7ois Bousch - CD\" class=\"wp-image-1360\" srcset=\"https:\/\/francois-bousch.net\/compositeur\/wp-content\/uploads\/Chant-d-espaces-bousch-CD-300x270.jpg 300w, https:\/\/francois-bousch.net\/compositeur\/wp-content\/uploads\/Chant-d-espaces-bousch-CD-667x600.jpg 667w, https:\/\/francois-bousch.net\/compositeur\/wp-content\/uploads\/Chant-d-espaces-bousch-CD-768x691.jpg 768w, https:\/\/francois-bousch.net\/compositeur\/wp-content\/uploads\/Chant-d-espaces-bousch-CD.jpg 800w\" sizes=\"(max-width: 300px) 100vw, 300px\" \/><\/a><figcaption>\u00ab\u00a0Chant d&rsquo;espaces\u00a0\u00bb &#8211; Fran\u00e7ois Bousch &#8211; CD<\/figcaption><\/figure><\/div>\n\n\n\n<p><strong>FY &amp; du Solstice<\/strong>&nbsp;SOCD 355,&nbsp;<strong>Fran\u00e7ois Bousch, Chant d\u2019espaces, Ensemble Accroche Note<\/strong><em>Wei Tsi, Chant d\u2019espaces, Infini(s) Silence(s), V\u00e2yu, Dualit\u00e9-Miroirs&nbsp;<\/em><\/p>\n\n\n\n<p>Soci\u00e9t\u00e9 Internationale pour la Musique Contemporaine : SIMC01 Musiques Fran\u00e7aises : Talea Tempore pour ensemble<\/p>\n\n\n\n<p><strong>\u00c9ditions LGNM<\/strong> n\u00b0409 : <strong>Luxembourg Sinfonietta<\/strong> dans la Grande R\u00e9gion, direction Marcel WENGLER : <em>Graoully<\/em> pour ensemble<\/p>\n\n\n\n<p><strong>Le Conservatoire de Paris<\/strong> (CNSMDP), collection \u00ab\u00a0JEUNES SOLISTES\u00a0\u00bb, <strong>TRIO K\/D\/M<\/strong>, percussions et accord\u00e9on 2010 : <em>V\u00e2yu<\/em>&nbsp;pour accord\u00e9on solo<\/p>\n\n\n\n<p><strong>Studio Instrumental GMVL CD035 : Beyond&nbsp;: <\/strong><em>Sir\u00e8nes, <\/em>version pour clarinette basse, clavier \u00e9lectronique et sons fix\u00e9s<\/p>\n","protected":false},"excerpt":{"rendered":"<p><strong>SALABERT Trajectoires SCD 9004<\/strong>, collection <strong>Musique Fran&ccedil;aise d&#39;Aujourd&#39;hui<\/strong> 1992&nbsp;:<br \/>\n<em>Pluie-lumi&egrave;re, Fissions d&#39;&eacute;chos, Spirales insolites, Espace-Temps, Au-del&agrave; du r&ecirc;ve, Site et sable.<\/em><\/p>\n<div><strong>FY &amp; du Solstice<\/strong>&nbsp;SOCD 355,&nbsp;<strong>Fran&ccedil;ois Bousch, Chant d&#39;espaces, Ensemble Accroche Note<\/strong><\/div>\n<div><em>Wei Tsi, Chant d&#39;espaces, Infini(s) Silence(s), V&acirc;yu, Dualit&eacute;-Miroirs&nbsp;<\/em><\/div>\n<div>&nbsp;<\/div>\n<div><strong>Soci&eacute;t&eacute; Internationale pour la Musique Contemporaine<\/strong>&nbsp;: SIMC01 Musiques Fran&ccedil;aises&nbsp;:<br \/>\n<em>Talea Tempore<\/em> pour ensemble<\/div>\n<div>&nbsp;<\/div>\n<p><strong>&Eacute;ditions LGNM<\/strong> n&deg;409 : <strong>Luxembourg Sinfonietta<\/strong> dans la Grande R&eacute;gion, direction Marcel WENGLER : <em>Graoully<\/em> pour ensemble<\/p>\n<p>\n","protected":false},"author":1,"featured_media":0,"parent":0,"menu_order":0,"comment_status":"closed","ping_status":"closed","template":"","meta":{"site-sidebar-layout":"default","site-content-layout":"default","ast-site-content-layout":"default","site-content-style":"default","site-sidebar-style":"default","ast-global-header-display":"","ast-banner-title-visibility":"","ast-main-header-display":"","ast-hfb-above-header-display":"","ast-hfb-below-header-display":"","ast-hfb-mobile-header-display":"","site-post-title":"","ast-breadcrumbs-content":"","ast-featured-img":"","footer-sml-layout":"","theme-transparent-header-meta":"default","adv-header-id-meta":"","stick-header-meta":"","header-above-stick-meta":"","header-main-stick-meta":"","header-below-stick-meta":"","astra-migrate-meta-layouts":"default","ast-page-background-enabled":"default","ast-page-background-meta":{"desktop":{"background-color":"var(--ast-global-color-4)","background-image":"","background-repeat":"repeat","background-position":"center center","background-size":"auto","background-attachment":"scroll","background-type":"","background-media":"","overlay-type":"","overlay-color":"","overlay-opacity":"","overlay-gradient":""},"tablet":{"background-color":"","background-image":"","background-repeat":"repeat","background-position":"center center","background-size":"auto","background-attachment":"scroll","background-type":"","background-media":"","overlay-type":"","overlay-color":"","overlay-opacity":"","overlay-gradient":""},"mobile":{"background-color":"","background-image":"","background-repeat":"repeat","background-position":"center center","background-size":"auto","background-attachment":"scroll","background-type":"","background-media":"","overlay-type":"","overlay-color":"","overlay-opacity":"","overlay-gradient":""}},"ast-content-background-meta":{"desktop":{"background-color":"var(--ast-global-color-5)","background-image":"","background-repeat":"repeat","background-position":"center center","background-size":"auto","background-attachment":"scroll","background-type":"","background-media":"","overlay-type":"","overlay-color":"","overlay-opacity":"","overlay-gradient":""},"tablet":{"background-color":"var(--ast-global-color-5)","background-image":"","background-repeat":"repeat","background-position":"center center","background-size":"auto","background-attachment":"scroll","background-type":"","background-media":"","overlay-type":"","overlay-color":"","overlay-opacity":"","overlay-gradient":""},"mobile":{"background-color":"var(--ast-global-color-5)","background-image":"","background-repeat":"repeat","background-position":"center center","background-size":"auto","background-attachment":"scroll","background-type":"","background-media":"","overlay-type":"","overlay-color":"","overlay-opacity":"","overlay-gradient":""}},"footnotes":""},"class_list":["post-523","page","type-page","status-publish","hentry"],"yoast_head":"<!-- This site is optimized with the Yoast SEO plugin v27.5 - https:\/\/yoast.com\/product\/yoast-seo-wordpress\/ -->\n<title>Discographie - Fran\u00e7ois BOUSCH<\/title>\n<meta name=\"robots\" content=\"index, follow, max-snippet:-1, max-image-preview:large, max-video-preview:-1\" \/>\n<link rel=\"canonical\" href=\"https:\/\/francois-bousch.net\/compositeur\/discographie\/\" \/>\n<meta property=\"og:locale\" content=\"fr_FR\" \/>\n<meta property=\"og:type\" content=\"article\" \/>\n<meta property=\"og:title\" content=\"Discographie - Fran\u00e7ois BOUSCH\" \/>\n<meta property=\"og:description\" content=\"SALABERT Trajectoires SCD 9004, collection Musique Fran&ccedil;aise d&#039;Aujourd&#039;hui 1992&nbsp;: Pluie-lumi&egrave;re, Fissions d&#039;&eacute;chos, Spirales insolites, Espace-Temps, Au-del&agrave; du r&ecirc;ve, Site et sable.  FY &amp; du Solstice&nbsp;SOCD 355,&nbsp;Fran&ccedil;ois Bousch, Chant d&#039;espaces, Ensemble Accroche Note  Wei Tsi, Chant d&#039;espaces, Infini(s) Silence(s), V&acirc;yu, Dualit&eacute;-Miroirs&nbsp;  &nbsp;  Soci&eacute;t&eacute; Internationale pour la Musique Contemporaine&nbsp;: SIMC01 Musiques Fran&ccedil;aises&nbsp;: Talea Tempore pour ensemble  &nbsp;  &Eacute;ditions LGNM n&deg;409 : Luxembourg Sinfonietta dans la Grande R&eacute;gion, direction Marcel WENGLER : Graoully pour ensemble\" \/>\n<meta property=\"og:url\" content=\"https:\/\/francois-bousch.net\/compositeur\/discographie\/\" \/>\n<meta property=\"og:site_name\" content=\"Fran\u00e7ois BOUSCH\" \/>\n<meta property=\"article:modified_time\" content=\"2021-12-01T13:59:17+00:00\" \/>\n<meta property=\"og:image\" content=\"https:\/\/francois-bousch.net\/compositeur\/wp-content\/uploads\/Chant-d-espaces-bousch-CD-300x270.jpg\" \/>\n<meta name=\"twitter:card\" content=\"summary_large_image\" \/>\n<meta name=\"twitter:label1\" content=\"Dur\u00e9e de lecture estim\u00e9e\" \/>\n\t<meta name=\"twitter:data1\" content=\"1 minute\" \/>\n<script type=\"application\/ld+json\" class=\"yoast-schema-graph\">{\"@context\":\"https:\\\/\\\/schema.org\",\"@graph\":[{\"@type\":\"WebPage\",\"@id\":\"https:\\\/\\\/francois-bousch.net\\\/compositeur\\\/discographie\\\/\",\"url\":\"https:\\\/\\\/francois-bousch.net\\\/compositeur\\\/discographie\\\/\",\"name\":\"Discographie - Fran\u00e7ois BOUSCH\",\"isPartOf\":{\"@id\":\"https:\\\/\\\/francois-bousch.net\\\/compositeur\\\/#website\"},\"primaryImageOfPage\":{\"@id\":\"https:\\\/\\\/francois-bousch.net\\\/compositeur\\\/discographie\\\/#primaryimage\"},\"image\":{\"@id\":\"https:\\\/\\\/francois-bousch.net\\\/compositeur\\\/discographie\\\/#primaryimage\"},\"thumbnailUrl\":\"https:\\\/\\\/francois-bousch.net\\\/compositeur\\\/wp-content\\\/uploads\\\/Chant-d-espaces-bousch-CD-300x270.jpg\",\"datePublished\":\"2010-08-26T21:20:33+00:00\",\"dateModified\":\"2021-12-01T13:59:17+00:00\",\"breadcrumb\":{\"@id\":\"https:\\\/\\\/francois-bousch.net\\\/compositeur\\\/discographie\\\/#breadcrumb\"},\"inLanguage\":\"fr-FR\",\"potentialAction\":[{\"@type\":\"ReadAction\",\"target\":[\"https:\\\/\\\/francois-bousch.net\\\/compositeur\\\/discographie\\\/\"]}]},{\"@type\":\"ImageObject\",\"inLanguage\":\"fr-FR\",\"@id\":\"https:\\\/\\\/francois-bousch.net\\\/compositeur\\\/discographie\\\/#primaryimage\",\"url\":\"https:\\\/\\\/francois-bousch.net\\\/compositeur\\\/wp-content\\\/uploads\\\/Chant-d-espaces-bousch-CD.jpg\",\"contentUrl\":\"https:\\\/\\\/francois-bousch.net\\\/compositeur\\\/wp-content\\\/uploads\\\/Chant-d-espaces-bousch-CD.jpg\",\"width\":800,\"height\":720,\"caption\":\"Chant d'espaces - Fran\u00e7ois Bousch - CD\"},{\"@type\":\"BreadcrumbList\",\"@id\":\"https:\\\/\\\/francois-bousch.net\\\/compositeur\\\/discographie\\\/#breadcrumb\",\"itemListElement\":[{\"@type\":\"ListItem\",\"position\":1,\"name\":\"Accueil\",\"item\":\"https:\\\/\\\/francois-bousch.net\\\/compositeur\\\/\"},{\"@type\":\"ListItem\",\"position\":2,\"name\":\"Discographie\"}]},{\"@type\":\"WebSite\",\"@id\":\"https:\\\/\\\/francois-bousch.net\\\/compositeur\\\/#website\",\"url\":\"https:\\\/\\\/francois-bousch.net\\\/compositeur\\\/\",\"name\":\"Fran\u00e7ois BOUSCH\",\"description\":\"Compositeur | Musique contemporaine\",\"publisher\":{\"@id\":\"https:\\\/\\\/francois-bousch.net\\\/compositeur\\\/#\\\/schema\\\/person\\\/e485a4bc6378740a3986576819488fcf\"},\"potentialAction\":[{\"@type\":\"SearchAction\",\"target\":{\"@type\":\"EntryPoint\",\"urlTemplate\":\"https:\\\/\\\/francois-bousch.net\\\/compositeur\\\/?s={search_term_string}\"},\"query-input\":{\"@type\":\"PropertyValueSpecification\",\"valueRequired\":true,\"valueName\":\"search_term_string\"}}],\"inLanguage\":\"fr-FR\"},{\"@type\":[\"Person\",\"Organization\"],\"@id\":\"https:\\\/\\\/francois-bousch.net\\\/compositeur\\\/#\\\/schema\\\/person\\\/e485a4bc6378740a3986576819488fcf\",\"name\":\"Francois\",\"image\":{\"@type\":\"ImageObject\",\"inLanguage\":\"fr-FR\",\"@id\":\"https:\\\/\\\/francois-bousch.net\\\/compositeur\\\/wp-content\\\/uploads\\\/logo.png\",\"url\":\"https:\\\/\\\/francois-bousch.net\\\/compositeur\\\/wp-content\\\/uploads\\\/logo.png\",\"contentUrl\":\"https:\\\/\\\/francois-bousch.net\\\/compositeur\\\/wp-content\\\/uploads\\\/logo.png\",\"width\":230,\"height\":449,\"caption\":\"Francois\"},\"logo\":{\"@id\":\"https:\\\/\\\/francois-bousch.net\\\/compositeur\\\/wp-content\\\/uploads\\\/logo.png\"},\"sameAs\":[\"https:\\\/\\\/francois-bousch.net\"]}]}<\/script>\n<!-- \/ Yoast SEO plugin. -->","yoast_head_json":{"title":"Discographie - Fran\u00e7ois BOUSCH","robots":{"index":"index","follow":"follow","max-snippet":"max-snippet:-1","max-image-preview":"max-image-preview:large","max-video-preview":"max-video-preview:-1"},"canonical":"https:\/\/francois-bousch.net\/compositeur\/discographie\/","og_locale":"fr_FR","og_type":"article","og_title":"Discographie - Fran\u00e7ois BOUSCH","og_description":"SALABERT Trajectoires SCD 9004, collection Musique Fran&ccedil;aise d&#39;Aujourd&#39;hui 1992&nbsp;: Pluie-lumi&egrave;re, Fissions d&#39;&eacute;chos, Spirales insolites, Espace-Temps, Au-del&agrave; du r&ecirc;ve, Site et sable.  FY &amp; du Solstice&nbsp;SOCD 355,&nbsp;Fran&ccedil;ois Bousch, Chant d&#39;espaces, Ensemble Accroche Note  Wei Tsi, Chant d&#39;espaces, Infini(s) Silence(s), V&acirc;yu, Dualit&eacute;-Miroirs&nbsp;  &nbsp;  Soci&eacute;t&eacute; Internationale pour la Musique Contemporaine&nbsp;: SIMC01 Musiques Fran&ccedil;aises&nbsp;: Talea Tempore pour ensemble  &nbsp;  &Eacute;ditions LGNM n&deg;409 : Luxembourg Sinfonietta dans la Grande R&eacute;gion, direction Marcel WENGLER : Graoully pour ensemble","og_url":"https:\/\/francois-bousch.net\/compositeur\/discographie\/","og_site_name":"Fran\u00e7ois BOUSCH","article_modified_time":"2021-12-01T13:59:17+00:00","og_image":[{"url":"https:\/\/francois-bousch.net\/compositeur\/wp-content\/uploads\/Chant-d-espaces-bousch-CD-300x270.jpg","type":"","width":"","height":""}],"twitter_card":"summary_large_image","twitter_misc":{"Dur\u00e9e de lecture estim\u00e9e":"1 minute"},"schema":{"@context":"https:\/\/schema.org","@graph":[{"@type":"WebPage","@id":"https:\/\/francois-bousch.net\/compositeur\/discographie\/","url":"https:\/\/francois-bousch.net\/compositeur\/discographie\/","name":"Discographie - Fran\u00e7ois BOUSCH","isPartOf":{"@id":"https:\/\/francois-bousch.net\/compositeur\/#website"},"primaryImageOfPage":{"@id":"https:\/\/francois-bousch.net\/compositeur\/discographie\/#primaryimage"},"image":{"@id":"https:\/\/francois-bousch.net\/compositeur\/discographie\/#primaryimage"},"thumbnailUrl":"https:\/\/francois-bousch.net\/compositeur\/wp-content\/uploads\/Chant-d-espaces-bousch-CD-300x270.jpg","datePublished":"2010-08-26T21:20:33+00:00","dateModified":"2021-12-01T13:59:17+00:00","breadcrumb":{"@id":"https:\/\/francois-bousch.net\/compositeur\/discographie\/#breadcrumb"},"inLanguage":"fr-FR","potentialAction":[{"@type":"ReadAction","target":["https:\/\/francois-bousch.net\/compositeur\/discographie\/"]}]},{"@type":"ImageObject","inLanguage":"fr-FR","@id":"https:\/\/francois-bousch.net\/compositeur\/discographie\/#primaryimage","url":"https:\/\/francois-bousch.net\/compositeur\/wp-content\/uploads\/Chant-d-espaces-bousch-CD.jpg","contentUrl":"https:\/\/francois-bousch.net\/compositeur\/wp-content\/uploads\/Chant-d-espaces-bousch-CD.jpg","width":800,"height":720,"caption":"Chant d'espaces - Fran\u00e7ois Bousch - CD"},{"@type":"BreadcrumbList","@id":"https:\/\/francois-bousch.net\/compositeur\/discographie\/#breadcrumb","itemListElement":[{"@type":"ListItem","position":1,"name":"Accueil","item":"https:\/\/francois-bousch.net\/compositeur\/"},{"@type":"ListItem","position":2,"name":"Discographie"}]},{"@type":"WebSite","@id":"https:\/\/francois-bousch.net\/compositeur\/#website","url":"https:\/\/francois-bousch.net\/compositeur\/","name":"Fran\u00e7ois BOUSCH","description":"Compositeur | Musique contemporaine","publisher":{"@id":"https:\/\/francois-bousch.net\/compositeur\/#\/schema\/person\/e485a4bc6378740a3986576819488fcf"},"potentialAction":[{"@type":"SearchAction","target":{"@type":"EntryPoint","urlTemplate":"https:\/\/francois-bousch.net\/compositeur\/?s={search_term_string}"},"query-input":{"@type":"PropertyValueSpecification","valueRequired":true,"valueName":"search_term_string"}}],"inLanguage":"fr-FR"},{"@type":["Person","Organization"],"@id":"https:\/\/francois-bousch.net\/compositeur\/#\/schema\/person\/e485a4bc6378740a3986576819488fcf","name":"Francois","image":{"@type":"ImageObject","inLanguage":"fr-FR","@id":"https:\/\/francois-bousch.net\/compositeur\/wp-content\/uploads\/logo.png","url":"https:\/\/francois-bousch.net\/compositeur\/wp-content\/uploads\/logo.png","contentUrl":"https:\/\/francois-bousch.net\/compositeur\/wp-content\/uploads\/logo.png","width":230,"height":449,"caption":"Francois"},"logo":{"@id":"https:\/\/francois-bousch.net\/compositeur\/wp-content\/uploads\/logo.png"},"sameAs":["https:\/\/francois-bousch.net"]}]}},"_links":{"self":[{"href":"https:\/\/francois-bousch.net\/compositeur\/wp-json\/wp\/v2\/pages\/523","targetHints":{"allow":["GET"]}}],"collection":[{"href":"https:\/\/francois-bousch.net\/compositeur\/wp-json\/wp\/v2\/pages"}],"about":[{"href":"https:\/\/francois-bousch.net\/compositeur\/wp-json\/wp\/v2\/types\/page"}],"author":[{"embeddable":true,"href":"https:\/\/francois-bousch.net\/compositeur\/wp-json\/wp\/v2\/users\/1"}],"replies":[{"embeddable":true,"href":"https:\/\/francois-bousch.net\/compositeur\/wp-json\/wp\/v2\/comments?post=523"}],"version-history":[{"count":5,"href":"https:\/\/francois-bousch.net\/compositeur\/wp-json\/wp\/v2\/pages\/523\/revisions"}],"predecessor-version":[{"id":1553,"href":"https:\/\/francois-bousch.net\/compositeur\/wp-json\/wp\/v2\/pages\/523\/revisions\/1553"}],"wp:attachment":[{"href":"https:\/\/francois-bousch.net\/compositeur\/wp-json\/wp\/v2\/media?parent=523"}],"curies":[{"name":"wp","href":"https:\/\/api.w.org\/{rel}","templated":true}]}}